What is the units digit of 4452779407?
7
What is the thousands digit of 1433964161?
4
What is the units digit of 355129419?
9
What is the hundred thousands digit of 2550636994?
6
What is the ten thousands digit of 510025490?
2
What is the tens digit of 16284127?
2
What is the units digit of 139773846?
6
What is the ten millions digit of 66836041?
6
What is the units digit of 1863802728?
8
What is the hundred thousands digit of 548315267?
3
What is the units digit of 3125498083?
3
What is the millions digit of 15431081?
5
What is the units digit of 1610269051?
1
What is the tens digit of 677886852?
5
What is the tens digit of 95684725?
2
What is the billions digit of 1512573584?
1
What is the ten millions digit of 129985674?
2
What is the thousands digit of 389271511?
1
What is the ten millions digit of 43682162?
4
What is the thousands digit of 465511989?
1
What is the tens digit of 901782872?
7
What is the ten millions digit of 287987387?
8
What is the units digit of 40908141?
1
What is the tens digit of 3973132879?
7
What is the units digit of 17696181?
1
What is the hundreds digit of 148042213?
2
What is the tens digit of 145015358?
5
What is the billions digit of 4614878352?
4
What is the hundred thousands digit of 75146711?
1
What is the billions digit of 1796400690?
1
What is the hundred thousands digit of 147103736?
1
What is the hundred thousands digit of 222768704?
7
What is the hundred thousands digit of 1038438312?
4
What is the ten millions digit of 1252035380?
5
What is the tens digit of 6523343?
4
What is the thousands digit of 1673995284?
5
What is the millions digit of 18991926?
8
What is the hundred millions digit of 402607601?
4
What is the ten millions digit of 3681990340?
8
What is the hundreds digit of 6011699119?
1
What is the units digit of 12721170?
0
What is the ten millions digit of 76395050?
7
What is the units digit of 123854755?
5
What is the ten thousands digit of 1108777918?
7
What is the millions digit of 79011462?
9
What is the units digit of 896150243?
3
What is the units digit of 41999380?
0
What is the units digit of 296937712?
2
What is the hundred thousands digit of 309409656?
4
What is the ten millions digit of 2621221975?
2
What is the ten millions digit of 23427376?
2
What is the hundred thousands digit of 708024249?
0
What is the tens digit of 13053824?
2
What is the thousands digit of 37581269?
1
What is the millions digit of 118378461?
8
What is the ten millions digit of 327612621?
2
What is the hundreds digit of 3026520?
5
What is the hundred thousands digit of 1535376302?
3
What is the hundred thousands digit of 137755170?
7
What is the ten millions digit of 2296962252?
9
What is the hundreds digit of 69256824?
8
What is the millions digit of 642890788?
2
What is the ten thousands digit of 847246927?
4
What is the hundred thousands digit of 1482279052?
2
What is the thousands digit of 278656153?
6
What is the thousands digit of 43570009?
0
What is the tens digit of 413747743?
4
What is the tens digit of 3340193499?
9
What is the tens digit of 44826762?
6
What is the hundred millions digit of 147766411?
1
What is the tens digit of 50729969?
6
What is the ten millions digit of 224962962?
2
What is the hundreds digit of 25975461?
4
What is the units digit of 48892058?
8
What is the hundreds digit of 23541509?
5
What is the units digit of 67776036?
6
What is the hundred thousands digit of 181263824?
2
What is the ten millions digit of 92708177?
9
What is the hundreds digit of 313720559?
5
What is the tens digit of 204906692?
9
What is the ten millions digit of 65693048?
6
What is the hundreds digit of 291735031?
0
What is the units digit of 812862082?
2
What is the hundreds digit of 1396619303?
3
What is the units digit of 32566798?
8
What is the hundred millions digit of 413983692?
4
What is the ten millions digit of 4118831176?
1
What is the ten millions digit of 170423673?
7
What is the hundred thousands digit of 50740170?
7
What is the thousands digit of 6267634821?
4
What is the hundred millions digit of 117829606?
1
What is the tens digit of 43714915?
1
What is the hundreds digit of 2089808?
8
What is the ten millions digit of 307786040?
0
What is the hundred thousands digit of 3296008052?
0
What is the units digit of 215492353?
3
What is the ten millions digit of 1097252945?
9
What is the millions digit of 4067516029?
7
What is the units digit of 1839449767?
7
What is the tens digit of 473994960?
6
What is the hundreds digit of 16715682?
6
What is the millions digit of 5648439728?
8
What is the ten millions digit of 51261011?
5
What is the thousands digit of 60639484?
9
What is the ten millions digit of 388841373?
8
What is the hundreds digit of 1064664064?
0
What is the millions digit of 134682098?
4
What is the ten thousands digit of 938782870?
8
What is the units digit of 2158165?
5
What is the ten millions digit of 97309735?
9
What is the units digit of 16506269?
9
What is the billions digit of 1614833951?
1
What is the hundreds digit of 162498014?
0
What is the hundred thousands digit of 4159604557?
6
What is the units digit of 896677004?
4
What is the hundred millions digit of 587648069?
5
What is the tens digit of 849518815?
1
What is the tens digit of 3865250?
5
What is the units digit of 2435609305?
5
What is the hundred thousands digit of 2089499278?
4
What is the thousands digit of 26539311?
9
What is the hundreds digit of 84300254?
2
What is the units digit of 25652066?
6
What is the hundred thousands digit of 22173525?
1
What is the billions digit of 1605784546?
1
What is the units digit of 46549339?
9
What is the hundred thousands digit of 961423548?
4
What is the billions digit of 3966913165?
3
What is the billions digit of 1038716607?
1
What is the tens digit of 392620848?
4
What is the hundreds digit of 42897?
8
What is the thousands digit of 73878345?
8
What is the tens digit of 50521942?
4
What is the hundred thousands digit of 1073877?
0
What is the ten millions digit of 101474292?
0
What is the thousands digit of 1048976633?
6
What is the millions digit of 43320731?
3
What is the thousands digit of 82196192?
6
What is the ten thousands digit of 7122791731?
9
What is the hundred millions digit of 2747075489?
7
What is the tens digit of 20130400?
0
What is the thousands digit of 113424433?
4
What is the thousands digit of 649491676?
1
What is the hundreds digit of 49159800?
8
What is the ten millions digit of 19280948?
1
What is the tens digit of 56475087?
8
What is the thousands digit of 994129266?
9
What is the hundreds digit of 46314697?
6
What is the hundreds digit of 53325620?
6
What is the tens digit of 6117585270?
7
What is the hundreds digit of 90255166?
1
What is the hundred thousands digit of 378246119?
2
What is the ten thousands digit of 456247303?
4
What is the ten millions digit of 124213070?
2
What is the thousands digit of 144668999?
8
What is the units digit of 13103255?
5
What is the millions digit of 118832353?
8
What is the units digit of 545920568?
8
What is the millions digit of 47071294?
7
What is the units digit of 23046211?
1
What is the millions digit of 5017683?
5
What is the ten millions digit of 46317981?
4
What is the millions digit of 5626146581?
6
What is the tens digit of 779499503?
0
What is the units digit of 60031401?
1
What is the units digit of 16276981?
1
What is the hundreds digit of 6665580?
5
What is the hundred millions digit of 204518947?
2
What is the thousands digit of 32313164?
3
What is the ten millions digit of 34540134?
3
What is the hundred millions digit of 167129693?
1
What is the hundred thousands digit of 40778890?
7
What is the millions digit of 966647319?
6
What is the hundreds digit of 635707539?
5
What is the tens digit of 2798157236?
3
What is the ten thousands digit of 2351228744?
2
What is the millions digit of 141533811?
1
What is the ten thousands digit of 208208165?
0
What is the ten thousands digit of 1792051854?
5
What is the billions digit of 2010688733?
2
What is the millions digit of 1957303?
1
What is the millions digit of 1625050702?
5
What is the millions digit of 120135504?
0
What is the tens digit of 50175957?
5
What is the ten millions digit of 2025661523?
2
What is the units digit of 286278303?
3